{"id":6992,"date":"2020-07-22T18:02:50","date_gmt":"2020-07-22T18:02:50","guid":{"rendered":"https:\/\/www.iru.com.mx\/content\/?post_type=product&#038;p=6992"},"modified":"2023-05-04T20:24:33","modified_gmt":"2023-05-04T20:24:33","slug":"cierrapuerta-cv-425-azbe","status":"publish","type":"product","link":"https:\/\/www.iru.com.mx\/content\/producto\/cierrapuerta-cv-425-azbe\/","title":{"rendered":"Cierrapuerta CV-425 | Azbe"},"content":{"rendered":"","protected":false},"excerpt":{"rendered":"<p>Especificaci\u00f3n: Cierrapuertas para puertas de 60 kg (fuerza 3), 80 kg (fuerza 4), 100 kg (fuerza 5) y 120 kg (fuerza 6). Caracter\u00edsticas: Mecanismo pi\u00f1\u00f3n-cremallera, Cuerpo de aluminio extruido anodizado con alta resistencia la corrosi\u00f3n, Completamente reversible, Cierre por acci\u00f3n de fluido hidr\u00e1ulico, Viscosidad termoconstante (-20\u00b0 +40\u00b0), Doble ajuste de la velocidad de cierre y del golpe final mediante dos tornillos en la parte frontal, Tornillo lateral de ajuste para una adaptaci\u00f3n precisa de las fuerzas 2 a 5, Control de puerta para aperturas de esta 180\u00b0, Certificado de dos horas al fuego (95-V-143).<\/p>\n","protected":false},"featured_media":0,"template":"","meta":[],"product_cat":[305],"product_tag":[316,129,322],"_links":{"self":[{"href":"https:\/\/www.iru.com.mx\/content\/wp-json\/wp\/v3\/product\/6992"}],"collection":[{"href":"https:\/\/www.iru.com.mx\/content\/wp-json\/wp\/v3\/product"}],"about":[{"href":"https:\/\/www.iru.com.mx\/content\/wp-json\/wp\/v2\/types\/product"}],"version-history":[{"count":1,"href":"https:\/\/www.iru.com.mx\/content\/wp-json\/wp\/v3\/product\/6992\/revisions"}],"predecessor-version":[{"id":6993,"href":"https:\/\/www.iru.com.mx\/content\/wp-json\/wp\/v3\/product\/6992\/revisions\/6993"}],"wp:attachment":[{"href":"https:\/\/www.iru.com.mx\/content\/wp-json\/wp\/v2\/media?parent=6992"}],"wp:term":[{"taxonomy":"product_cat","embeddable":true,"href":"https:\/\/www.iru.com.mx\/content\/wp-json\/wp\/v2\/product_cat?post=6992"},{"taxonomy":"product_tag","embeddable":true,"href":"https:\/\/www.iru.com.mx\/content\/wp-json\/wp\/v2\/product_tag?post=6992"}],"curies":[{"name":"wp","href":"https:\/\/api.w.org\/{rel}","templated":true}]}}